git of w?
3
Suppose -13 + 8 = 5*r. Let v be ((-263)/3)/(r/3). Let s = v - 149. What is the tens digit of s?
1
Suppose 2*k + 28 - 152 = 0. Let u = -60 + k. Suppose -15 = -u*h + 119. What is the units digit of h?
7
Let q(x) = -9*x**2 - 56*x + 1. Let h be q(-6). Suppose 0 = h*i - i - 2676. What is the tens digit of i?
2
Let j(x) = 13*x**3 - x. Let s be j(1). Suppose -s*q + 459 = -2229. What is the hundreds digit of q?
2
Let q(d) = d**2 - 6*d + 5. Let u be q(6). Suppose -79 = -2*f - 85. Let m = u + f. What is the units digit of m?
2
Let i = 280 - 272. Suppose -i*h = -25*h + 3944. What is the units digit of h?
2
What is the ten thousands digit of 6*-1*((-6877 - 14) + 12/(-2))?
4
Let j(v) = -158*v**3 + 2*v**2 + 91*v + 513. What is the tens digit of j(-6)?
6
Suppose -3*n - 105 + 99 = 0. What is the tens digit of ((-150)/120)/(n/1448)?
0
Let l(a) = -8*a - 45. Let h be l(-6). What is the hundreds digit of 51979/177 - (-1 + 2/h)?
2
Let w be (-1)/(-2) + 3000/(-16). Let l be w + -3 - (5 - 1). Let f = l + 353. What is the units digit of f?
9
Suppose 0 = 3*f + 3*f - 4*f. Let c(y) = -y**2 - 4*y. Let j be c(f). Suppose -a + 166 = -5*x, a + 5*x + 0*x - 146 = j. What is the units digit of a?
6
Suppose -5*x + 151657 = -2*f, -78*x + 76*x + 3*f + 60676 = 0. What is the units digit of x?
9
Let k be 6 + 1 + (1 - 4). Suppose -k*m = 8 - 20. What is the units digit of m*(-2)/15 - 1428/(-20)?
1
Let i = 44 - 37. Suppose -24*l + 23375 = -i*l. What is the units digit of l?
5
Suppose 0 = -2*g + 4*h + 422, -4*h + 5*h + 425 = 2*g. Let z be (4/2)/2*g. Let f = 315 - z. What is the tens digit of f?
0
Suppose 220 = -5*u - 5*z, 0 = u + 4*z - 9*z + 14. Let s = u + 39. Suppose -5*l - 181 + 876 = s. What is the tens digit of l?
3
Let i(b) = -3*b**3 + 159*b**2 - 35*b - 213. What is the thousands digit of i(48)?
2
Let t(u) = 310*u - 2481. What is the units digit of t(12)?
9
Suppose 53*f = -24*f + 2777606 + 1684929. What is the ten thousands digit of f?
5
What is the thousands digit of 12/(-8) - 182903/(-34)?
5
Let j(z) = 136*z - 79. Let t be j(7). Suppose -23*f = t - 12143. What is the units digit of f?
0
Let p(z) = -41*z + 132. Let t be (-18)/(-15)*320/(-12). What is the tens digit of p(t)?
4
Let x(z) = -2*z**3 + 51*z**2 + 102*z + 41. What is the thousands digit of x(23)?
5
What is the units digit of 8/(-22) - 23400258/(-1397)?
0
Let s(z) = -1251*z - 445. What is the tens digit of s(-4)?
5
Suppose -3*k = -590*q + 588*q + 12956, -2*q + 5*k + 12964 = 0. What is the thousands digit of q?
6
Suppose 2*k - 3884 = 3*n - 5*n, -2*k - 7780 = -4*n. What is the hundreds digit of n?
9
Suppose -25*j + 271 = -1154. Suppose -j = -5*i + 3348. What is the tens digit of i?
8
Let d(p) = 3578*p + 0 + 4 - 6 - 3604*p - 20. Suppose 9 + 9 = -3*j. What is the units digit of d(j)?
4
Let a = -50 - -685. Suppose -4*p + a + 2149 = 4*g, 0 = 4*g + 5*p - 2788. What is the hundreds digit of g?
6
Let u be (91/(-91))/(1 + 3/(-2)). Let f(h) = 49*h**3 - 3*h**2 - h. What is the hundreds digit of f(u)?
3
Let p be 2/3 - 14/(-6). Suppose 8*l + 390 = 11*l. Suppose p*c - 95 = -2*w, 0 = -4*c + 5*w + 12 + l. What is the tens digit of c?
3
Let k = 666 + -401. Let l = -196 + k. What is the units digit of l?
9
Suppose 42 = -q - 5*k + 24, -5*q - 136 = 2*k. What is the hundreds digit of -537*(q/(-49) + (-104)/84)?
3
Let j = 191 + -186. What is the hundreds digit of -245*(1 - (j + 5)/2)?
9
Suppose -8 = -u + i, 6*u - 4*i = 3*u + 29. Suppose u*m - 1352 = 592. What is the units digit of m?
8
What is the tens digit of -2*(-91)/52*492?
2
Suppose 23*q - 20 = -2*v + 18*q, v - 11 = -2*q. Suppose -v*r = -16*r + 1321. What is the units digit of r?
1
Let f = 10406 - -17213. What is the tens digit of f?
1
Let h(a) = -2*a**3 + a**3 + 19*a - 3*a + 14*a + 17*a**2 - 16. What is the units digit of h(17)?
4
Let f(q) = q**2 + q + 21. Let c be f(7). Suppose w + 2*h = h + 28, -c = -2*w + 5*h. What is the tens digit of w?
3
Suppose -b + 5*w = 4*w - 4, 0 = -5*b - 4*w - 7. Suppose 4*l = 15 + b, 5*g + 5*l - 20 = 0. Let y(p) = 9*p + 22. What is the units digit of y(g)?
2
Let p(w) = -w**2 + 8*w + 8. Let b be p(6). Suppose -b*y = -16*y - 1916. What is the units digit of y?
9
Suppose -134*j + 870086 = -504084. What is the units digit of j?
5
Let g(x) = -17581*x - 269. What is the ten thousands digit of g(-2)?
3
Let o(c) = -21*c + 12. Let f be 2/5 + 1/(-10)*34. What is the units digit of o(f)?
5
Let v = -303 + 306. What is the tens digit of (1 - v) + 8 - -62?
6
Suppose 5*v - 2*w = -601, 2*w - 9 = -w. Let m = 389 + v. What is the hundreds digit of m?
2
Let x(h) = -11*h + 4. Let w = -27 - -29. Let o(z) = z**2 - 5*z + 3. Let c be o(w). What is the tens digit of x(c)?
3
Suppose 8*b = 5*j + 36581 - 13350, 15 = -5*j. What is the thousands digit of b?
2
Suppose -34268 = -3*b + 4*s, -8*b = -9*b - 3*s + 11414. What is the hundreds digit of b?
4
Suppose 14 = 4*z - 2*s - 0, -12 = -5*z - 3*s. Suppose z*f + 2*f = 2*j - 17, 0 = -j - 3*f - 19. What is the units digit of j/(-6) - 308/(-6)?
2
Let u(w) = 2*w**2 - 15*w + 8. Let a be u(8). What is the units digit of 25*(-1 - 1)*(-8)/a?
5
Let x be 21*(-4)/16*12/(-3). Suppose -x*b + 7836 = 381. What is the tens digit of b?
5
Suppose -b - 6 = 2*q, -3*b = 5*q - 2*b + 18. Let z(c) = 9*c**2 + 3*c - 1. Let u be z(q). Let v = -88 + u. What is the units digit of v?
3
Suppose 19 = -3*y + 55. Let m = 18 - y. What is the tens digit of 7/(m/8 + 10/(-24))?
2
Let o be 0*(1 + -5)/(4/(-1)). Suppose 3*t - 390 = -3*y, o = y - 4*y + t + 382. What is the units digit of y?
8
Suppose 90 + 162 = 3*h. Let q = -19 + h. What is the tens digit of q?
6
Suppose 0 = 17*t - 19*t + 8. Suppose 3*x + 26 + 2 = -t*h, 5*h - 5*x = 0. What is the units digit of h/4 + 28 - 2*2?
3
Let r(u) be the first derivative of 133*u**3/3 - u**2 - 127. What is the hundreds digit of r(1)?
1
Let x = -1242 + 8382. What is the hundreds digit of x?
1
Let l = 76 + -130. Let o = -152 - -268. Let c = o + l. What is the units digit of c?
2
Let f = 8823 - 4727. What is the hundreds digit of f?
0
Let w(b) = 36771*b**2 + 16*b + 9. What is the tens digit of w(-1)?
6
Let c be ((-12)/(-8))/((-6)/(-16)). Let m(a) = -6*a**2 - 31*a - 3. Let g be m(-2). Suppose 4*r + 2 = 5*k + 87, -c*k = -r + g. What is the tens digit of r?
1
Let o(j) = -6*j - 7. Let w be o(-2). Suppose -w*b - 5*m = -360, 0 = -2*b + 4*m + 156 + 18. What is the tens digit of b?
7
Suppose -26 = -4*f - 6, 3*v = -4*f + 923. Let l = v + 211. What is the units digit of l?
2
Let s be (-4 - -4) + (259 - (-6 + 3)). Let f = -171 + s. What is the tens digit of f?
9
Suppose -f + 20 + 0 = 2*x, 0 = -5*x + 5*f + 20. Suppose -4*w = x*q - 6*q - 2402, 4*w - 3*q - 2377 = 0. What is the tens digit of w?
9
Let p be (108/(-21))/(1100/364 + -3). What is the units digit of 6240/p*(2 + (-38)/4)?
0
Let b = -10 + 26. Let l = b + -19. What is the units digit of (-21)/((-4)/((-16)/l))?
8
Let a(h) = -4*h - 3. Let m be a(-4). Let l be 3*m - (-11 - -10). Suppose -5*g + l = -75. What is the units digit of g?
3
Let p = -2210 - -5632. What is the thousands digit of p?
3
Let u(a) = -a**2 + 8*a - 28. Let y be u(8). Let z be (-2 + y/(-16))*-8. Suppose 2*m + 0*o - 2*o = 470, -3*m + 725 = z*o. What is the units digit of m?
9
Let y(d) = 704*d + 2438. What is the tens digit of y(5)?
5
Let n be (-6)/(-4)*(0 - 4)/(-2). Suppose -3*j - 2*l + 244 = 0, -4*j - l = n*l - 332. Suppose 0 = 4*r - j - 54. What is the tens digit of r?
3
Let w = 24161 + -13164. What is the units digit of w?
7
Suppose -4*c - 4*a = -65380, 4*a = -c + 20684 - 4363. What is the ten thousands digit of c?
1
Suppose -3*j - 2*j - 4 = -4*d, 8 = -5*d + 3*j. Let f = -506 + 499. What is the units digit of f*((-10 - d) + -1)?
9
Let w(c) = 189*c**2 - 40*c - 28. What is the hundreds digit of w(-4)?
1
Suppose -25*t + 8866 = -24*t + 3*o, -4*t + 35449 = -3*o. What is the tens digit of t?
6
Let n(l) = 236*l**2 + 5*l + 18. What is the thousands digit of n(6)?
8
Let u(c) = -2*c**3 - 9*c**2 - 15*c - 12. Let j(s) = -2*s**3 - 8*s**2 - 15*s - 13. Let t(k) = 5*j(k) - 4*u(k). What is the tens digit of t(-6)?
6
Let g(z) be the first derivative of -z**4/4 - z**3 - 9*z**2/2 + 10*z - 38. What is the hundreds digit of g(-8)?
4
Let g(o) = -4*o**2 - 5 - 22*o + 4 + 2*o**2 + 3. Let y be g(-11). Suppose 5*n = h + y*h - 367, n + 371 = 3*h. Wha